 prime factors of 5931172?
2, 13, 167, 683
What are the prime factors of 623060?
2, 5, 31153
What are the prime factors of 2381695?
5, 71, 6709
List the prime factors of 4292381.
17, 89, 2837
List the prime factors of 32667150.
2, 3, 5, 217781
List the prime factors of 96062.
2, 43, 1117
What are the prime factors of 5297810?
2, 5, 7, 75683
List the prime factors of 37180.
2, 5, 11, 13
What are the prime factors of 12965304?
2, 3, 11, 67, 733
List the prime factors of 8206.
2, 11, 373
What are the prime factors of 172673?
172673
What are the prime factors of 13232956?
2, 11, 300749
List the prime factors of 1586639.
1229, 1291
What are the prime factors of 7060788?
2, 3, 7, 28019
List the prime factors of 149741.
137, 1093
List the prime factors of 7826262.
2, 3, 137, 9521
List the prime factors of 5916510.
2, 3, 5, 17, 1289
List the prime factors of 99176.
2, 7, 11, 23
List the prime factors of 797027.
7, 11, 941
List the prime factors of 706805.
5, 11, 71, 181
What are the prime factors of 16127417?
613, 26309
What are the prime factors of 2803702?
2, 11, 31, 4111
What are the prime factors of 17512?
2, 11, 199
What are the prime factors of 482269?
419, 1151
What are the prime factors of 3532341?
3, 1177447
List the prime factors of 4437656.
2, 554707
What are the prime factors of 512748?
2, 3, 14243
What are the prime factors of 452224?
2, 3533
What are the prime factors of 2057887?
13, 311, 509
List the prime factors of 215025.
3, 5, 47, 61
What are the prime factors of 2408993?
2408993
List the prime factors of 6168203.
1933, 3191
List the prime factors of 1165657.
547, 2131
List the prime factors of 630169.
630169
List the prime factors of 3683967.
3, 7, 19, 1319
List the prime factors of 1584010.
2, 5, 23, 71, 97
List the prime factors of 22524.
2, 3, 1877
What are the prime factors of 12405037?
523, 23719
List the prime factors of 217720.
2, 5, 5443
What are the prime factors of 2527266?
2, 3, 7, 19, 3167
List the prime factors of 1398096.
2, 3, 7, 19, 73
What are the prime factors of 7112?
2, 7, 127
List the prime factors of 3644623.
967, 3769
What are the prime factors of 1717720?
2, 5, 42943
What are the prime factors of 16967411?
17, 998083
List the prime factors of 3103104.
2, 3, 8081
What are the prime factors of 24994773?
3, 31, 101, 887
List the prime factors of 472282.
2, 23, 10267
What are the prime factors of 3993222?
2, 3, 181, 3677
List the prime factors of 289842.
2, 3, 7, 67, 103
What are the prime factors of 234059?
7, 29, 1153
What are the prime factors of 376073?
23, 83, 197
List the prime factors of 11503584.
2, 3, 59, 677
What are the prime factors of 4054506?
2, 3, 675751
What are the prime factors of 88337?
88337
What are the prime factors of 250180?
2, 5, 7, 1787
What are the prime factors of 783357?
3, 23, 11353
What are the prime factors of 1606965?
3, 5, 149, 719
What are the prime factors of 876391?
587, 1493
What are the prime factors of 945030?
2, 3, 5, 17, 109
List the prime factors of 699102.
2, 3, 38839
List the prime factors of 403163.
403163
What are the prime factors of 1639311?
3, 31, 17627
List the prime factors of 1561329.
3, 7, 11, 751
What are the prime factors of 64147?
23, 2789
List the prime factors of 72258.
2, 3, 12043
List the prime factors of 777926.
2, 388963
List the prime factors of 189679.
7, 79
List the prime factors of 2131993.
29, 73517
List the prime factors of 5594160.
2, 3, 5, 11, 13, 163
List the prime factors of 20255002.
2, 10127501
List the prime factors of 4929370.
2, 5, 83, 5939
What are the prime factors of 288030?
2, 3, 5, 9601
List the prime factors of 211258.
2, 53, 1993
What are the prime factors of 30755180?
2, 5, 641, 2399
What are the prime factors of 257767?
41, 6287
List the prime factors of 1133268.
2, 3, 94439
List the prime factors of 141475.
5, 5659
List the prime factors of 1471226.
2, 149, 4937
What are the prime factors of 22331360?
2, 5, 139571
What are the prime factors of 1590004?
2, 13, 30577
What are the prime factors of 48022?
2, 13, 1847
List the prime factors of 768062.
2, 23, 59, 283
What are the prime factors of 9448553?
9448553
What are the prime factors of 896514?
2, 3, 149419
List the prime factors of 279556.
2, 47, 1487
List the prime factors of 222501.
3, 74167
What are the prime factors of 190968?
2, 3, 73, 109
What are the prime factors of 204571?
157, 1303
List the prime factors of 248998.
2, 23, 5413
What are the prime factors of 1182153?
3, 7, 41, 1373
List the prime factors of 216321.
3, 7, 10301
List the prime factors of 97333.
131, 743
What are the prime factors of 13151?
13151
List the prime factors of 2417120.
2, 5, 15107
List the prime factors of 235802.
2, 7, 16843
What are the prime factors of 330094?
2, 165047
List the prime factors of 281.
281
What are the prime factors of 5273590?
2, 5, 7, 75337
What are the prime factors of 692833?
653, 1061
List the prime factors of 642368.
2, 10037
What are the prime factors of 2834996?
2, 211, 3359
What are the prime factors of 547186?
2, 41, 6673
List the prime factors of 343596.
2, 3, 11, 19, 137
List the prime factors of 3140302.
2, 11, 349, 409
What are the prime factors of 1525572?
2, 3, 31, 1367
List the prime factors of 13610119.
47, 289577
List the prime factors of 15858781.
15858781
List the prime factors of 828203.
163, 5081
List the prime factors of 8311865.
5, 37, 179, 251
What are the prime factors of 1970833?
107, 113, 163
What are the prime factors of 2732696?
2, 341587
What are the prime factors of 27364809?
3, 1063, 8581
List the prime factors of 1507164.
2, 3, 125597
List the prime factors of 33699020.
2, 5, 1684951
What are the prime factors of 177220?
2, 5, 8861
List the prime factors of 502955.
5, 100591
List the prime factors of 1903018.
2, 13, 53, 1381
What are the prime factors of 1198060?
2, 5, 37, 1619
List the prime factors of 15371715.
3, 5, 163, 6287
List the prime factors of 1236866.
2, 83, 7451
What are the prime factors of 1219429?
601, 2029
What are the prime factors of 821900?
2, 5, 8219
List the prime factors of 5861853.
3, 53, 12289
List the prime factors of 45804.
2, 3, 11, 347
List the prime factors of 615184.
2, 38449
List the prime factors of 344260.
2, 5, 7, 2459
What are the prime factors of 21192540?
2, 3, 5, 17, 79, 263
What are the prime factors of 21293618?
2, 281, 37889
List the prime factors of 63046.
2, 29, 1087
What are the prime factors of 527967?
3, 11, 5333
List the prime factors of 4178019.
3, 23, 151, 401
What are the prime factors of 1163821?
1163821
What are the prime factors of 3815226?
2, 3, 79, 2683
What are the prime factors of 1663252?
2, 163, 2551
List the prime factors of 1381168.
2, 86323
What are the prime factors of 62403?
3, 11, 31, 61
List the prime factors of 2522343.
3, 347, 2423
What are the prime factors of 335699?
7, 13, 17, 31
What are the prime factors of 27315066?
2, 3, 1549, 2939
What are the prime factors of 349629?
3, 7, 16649
List the prime factors of 1073211.
3, 357737
What are the prime factors of 21634680?
2, 3, 5, 180289
What are the prime factors of 11389819?
7, 1627117
What are the prime factors of 3392985?
3, 5, 226199
What are the prime factors of 840760?
2, 5, 21019
List the prime factors of 5135000.
2, 5, 13, 79
What are the prime factors of 16744?
2, 7, 13, 23
List the prime factors of 45705.
3, 5, 11, 277
List the prime factors of 937284.
2, 3, 37, 2111
List the prime factors of 198656.
2, 97
What are the prime factors of 3284885?
5, 656977
What are the prime factors of 593086?
2, 13, 22811
What are the prime factors of 2697897?
3, 727, 1237
What are the prime factors of 2970632?
2, 7, 53047
List the prime factors of 905220.
2, 3, 5, 47, 107
List the prime factors of 2763246.
2, 3, 19, 24239
What are the prime factors of 4355396?
2, 47, 23167
What are the prime factors of 173351?
23, 7537
What are the prime factors of 425845?
5, 7, 23
What are the prime factors of 6769657?
307, 22051
What are the prime factors of 304380?
2, 3, 5, 19, 89
What are the prime factors of 2116562?
2, 7, 19, 73, 109
What are the prime factors of 3582360?
2, 3, 5, 31, 107
What are the prime factors of 552026?
2, 19, 73, 199
What are the prime factors of 183778?
2, 7, 13127
List the prime factors of 2939488.
2, 97, 947